atest common divisor of 799 and 20633?
47
Calculate the highest common divisor of 840 and 1240400.
280
Calculate the highest common factor of 48 and 2607144.
24
Calculate the greatest common factor of 7228302 and 138.
138
What is the highest common divisor of 880413 and 61?
61
Calculate the highest common divisor of 59274 and 9.
9
What is the highest common divisor of 4554 and 96393?
759
Calculate the highest common divisor of 16 and 152608.
16
What is the greatest common factor of 9583 and 324268?
259
Calculate the greatest common factor of 367950 and 4290.
330
Calculate the highest common divisor of 445 and 309987.
89
What is the highest common divisor of 150605 and 13?
13
What is the greatest common divisor of 36 and 12468?
12
Calculate the highest common divisor of 34810 and 830.
10
What is the highest common factor of 144 and 12512?
16
Calculate the highest common divisor of 1751 and 8532623.
1751
What is the highest common factor of 8885773 and 39?
13
What is the highest common factor of 2955 and 229899?
591
Calculate the greatest common factor of 140 and 27140.
20
Calculate the highest common factor of 325 and 233725.
25
Calculate the highest common factor of 4466 and 19558.
154
Calculate the greatest common divisor of 684 and 938961.
171
What is the greatest common factor of 20992 and 410?
82
What is the greatest common divisor of 36248 and 552?
184
What is the highest common divisor of 9870 and 240?
30
Calculate the greatest common divisor of 6375 and 663.
51
Calculate the greatest common divisor of 37506 and 570.
114
Calculate the highest common divisor of 726585 and 3540.
885
Calculate the greatest common factor of 42822 and 2074.
122
Calculate the highest common factor of 1484 and 19236.
28
What is the highest common divisor of 2416 and 532879?
151
Calculate the greatest common divisor of 217 and 1500989.
217
Calculate the highest common divisor of 736 and 39488.
32
What is the greatest common divisor of 1164550 and 150?
50
Calculate the highest common divisor of 34 and 146183.
17
What is the greatest common divisor of 5070 and 9?
3
What is the highest common divisor of 23034 and 3234?
66
Calculate the highest common divisor of 580 and 24505.
145
What is the highest common factor of 86536 and 6728?
232
Calculate the highest common factor of 7925 and 205416.
317
What is the greatest common factor of 166 and 166249?
83
What is the highest common divisor of 88 and 3982?
22
What is the highest common divisor of 3663657 and 9?
9
Calculate the highest common divisor of 6076 and 40331.
31
Calculate the greatest common divisor of 213105 and 90.
15
Calculate the highest common divisor of 264152 and 178.
178
What is the greatest common factor of 600 and 123450?
150
Calculate the highest common factor of 12944 and 272.
16
Calculate the greatest common divisor of 12630 and 30.
30
What is the greatest common factor of 78 and 303147?
39
What is the greatest common factor of 410 and 40220?
10
Calculate the greatest common divisor of 797384 and 336.
56
Calculate the highest common factor of 330 and 63.
3
What is the highest common divisor of 570 and 16260?
30
What is the greatest common divisor of 136 and 192224?
8
Calculate the highest common divisor of 163737 and 18837.
1449
Calculate the highest common factor of 405 and 16110.
45
Calculate the highest common divisor of 1456 and 5200.
208
What is the greatest common divisor of 148 and 263292?
148
What is the greatest common factor of 288 and 33312?
96
Calculate the greatest common factor of 314100 and 180.
180
What is the greatest common factor of 2 and 123076?
2
Calculate the greatest common divisor of 140114 and 1768.
442
What is the highest common factor of 56 and 3898958?
14
What is the greatest common divisor of 283760 and 80?
80
Calculate the highest common divisor of 405563 and 47.
47
What is the highest common divisor of 9 and 947871?
9
Calculate the greatest common divisor of 28028 and 1573.
143
What is the highest common factor of 7977 and 1479?
3
What is the greatest common factor of 41107 and 11?
11
Calculate the greatest common factor of 452 and 63619.
113
What is the greatest common divisor of 537 and 49762?
179
What is the highest common factor of 20 and 656976?
4
Calculate the greatest common factor of 770 and 79156.
154
What is the greatest common divisor of 58646 and 7?
7
What is the greatest common divisor of 52173 and 2079?
99
What is the greatest common divisor of 304 and 74936?
152
Calculate the greatest common divisor of 544 and 23328.
32
What is the greatest common divisor of 2915 and 22790?
265
Calculate the highest common divisor of 126 and 190386.
126
Calculate the highest common divisor of 1308 and 4176880.
436
What is the greatest common factor of 181507 and 1631?
233
Calculate the greatest common factor of 602 and 31710.
14
Calculate the highest common factor of 315 and 878055.
15
Calculate the highest common divisor of 8525 and 284425.
775
What is the greatest common divisor of 132 and 75996?
12
What is the greatest common factor of 46 and 435137?
23
What is the highest common factor of 168596 and 7460?
1492
Calculate the greatest common divisor of 436768 and 12.
4
What is the greatest common factor of 16 and 109168?
16
What is the greatest common divisor of 11782 and 3562?
274
What is the highest common divisor of 139 and 421031?
139
Calculate the greatest common divisor of 46455 and 7068.
57
What is the greatest common factor of 198 and 451550?
22
Calculate the greatest common divisor of 7875 and 1197.
63
Calculate the greatest common factor of 144 and 4086.
18
Calculate the highest common divisor of 3704259 and 78.
39
Calculate the highest common factor of 150128 and 1408.
176
Calculate the highest common factor of 77625 and 60.
15
Calculate the greatest common divisor of 81 and 143928.
9
Calculate the highest common factor of 468 and 8073.
117
What is the greatest common factor of 17284 and 232?
116
Calculate the greatest common factor of 176 and 49968.
16
Calculate the highest common divisor of 603 and 25527.
201
What is the highest common factor of 20 and 321080?
20
Calculate the greatest common factor of 5244 and 60.
12
Calculate the highest common factor of 447848 and 962.
74
Calculate the highest common factor of 18487 and 133.
133
Calculate the greatest common divisor of 918594 and 36.
18
Calculate the highest common factor of 4600 and 114200.
200
Calculate the highest common factor of 8759 and 323.
19
What is the highest common divisor of 1936 and 16258?
22
What is the greatest common divisor of 35921 and 34?
17
What is the greatest common factor of 71393 and 1786?
47
What is the greatest common divisor of 110558 and 7049?
371
Calculate the greatest common factor of 33 and 178299.
33
What is the greatest common factor of 48 and 292224?
48
Calculate the greatest common factor of 232 and 1202804.
116
Calculate the greatest common factor of 4950 and 12825.
225
Calculate the greatest common factor of 24450 and 1950.
150
What is the greatest common divisor of 63518 and 364?
182
What is the greatest common factor of 11088 and 2541?
231
What is the greatest common factor of 406 and 35554?
58
Calculate the highest common divisor of 1395 and 1305.
45
What is the greatest common factor of 4180 and 60990?
190
What is the greatest common factor of 952781 and 53?
53
What is the highest common divisor of 344320 and 512?
256
What is the highest common divisor of 45000 and 252?
36
Calculate the greatest common factor of 68 and 153068.
68
Calculate the highest common factor of 8 and 8.
8
What is the greatest common factor of 7830 and 50?
10
What is the greatest common divisor of 315 and 83965?
35
What is the greatest common factor of 112873 and 3608?
41
What is the highest common factor of 799 and 153?
17
Calculate the highest common factor of 859630 and 10810.
470
Calculate the highest common factor of 2925720 and 72.
72
Calculate the greatest common factor of 546383 and 745.
149
What is the greatest common factor of 84 and 534282?
42
What is the greatest common factor of 624393 and 105?
21
What is the greatest common divisor of 107744 and 62608?
1456
Calculate the highest common divisor of 19044 and 874.
46
What is the highest common divisor of 1360331 and 1042?
5